*2/(-5)?
2
What is the units digit of (-1 + 35/28)*236?
9
Let o be -1 + 1 - (-10)/5. Let j(p) = -3 + 2*p + 0*p**2 - p**3 + p**o + p. What is the units digit of j(-3)?
4
Let d be (-24662)/(-247) + 2/13. Suppose -4*w - d = 4*p - 352, 3*p = -5*w + 199. What is the units digit of p?
8
Let a(r) be the second derivative of -r**5/20 - 5*r**4/12 + 3*r**3/2 + 3*r**2/2 + r. Let i be 2/1*(-14)/4. What is the units digit of a(i)?
8
Let r = -91 - -292. Let w = r - 138. What is the units digit of w?
3
Let z = -9 + 12. Suppose 6 = h + z*x, -6*h + 4*x = -h - 30. What is the units digit of 8/24 + 70/h?
2
Suppose 16 = 14*u - 10*u. Suppose u*i - 364 - 372 = 0. What is the tens digit of i?
8
Suppose 15*i - 9*i - 4920 = 0. What is the units digit of i?
0
Let f be 2/8 + (-1275)/(-20). Suppose 2*r - 35 = 5*n, 0 = -6*r + 3*r - 4*n + f. Let q = r - -13. What is the units digit of q?
3
Suppose -3*x = -0*x - 15, 5*h - 4*x = -35. What is the units digit of 21 - (6 + -2) - h?
0
Let k(j) = -1631*j**3 - j**2 - j. What is the tens digit of k(-1)?
3
Let x(u) = 2*u + 6. Let k be x(10). Suppose -2*b + k = -14. What is the units digit of b?
0
Suppose -2*i - 5 - 7 = 0. What is the hundreds digit of 4/i + 1388/12?
1
Let x = 1182 + -806. Suppose 5*j + 2*o - 496 = -2*o, -2*o - x = -4*j. Suppose -2*q - j = -5*h - 6*q, -3*h + 32 = -4*q. What is the tens digit of h?
1
Suppose 3 - 13 = -5*l. Let q be 75/(-9) + l/6. What is the tens digit of ((-31)/(-6))/(q/(-48))?
3
Suppose -4*x = 4*j - 2984, 0 = 5*x + 12 - 22. What is the units digit of j?
4
Let d be -1 - 1 - (-24)/4. Let l = d - -16. What is the tens digit of l?
2
Suppose 2*j = -3*u + 1696, -j = -3*u - u + 2265. What is the tens digit of u?
6
Let t = 2 - 2. Suppose 5*k = 4*z - 86, 3*z - 3*k + 38 - 104 = t. Let q = -16 + z. What is the units digit of q?
8
Let p be (6948/60)/((-1)/(-5) + 0). Suppose -5*d + p = 179. What is the units digit of d?
0
Suppose -6*n = -13*n + 238. Suppose 196 + n = 5*s. What is the units digit of s?
6
Suppose -11*p - 5687 + 22649 = 0. What is the tens digit of p?
4
Let i(w) = 223*w**2 + 98*w + 5. What is the thousands digit of i(3)?
2
Suppose -4096 = 19*x - 27*x. What is the tens digit of x?
1
Let h(j) = -7 - 3 + 0 + 2*j + 1. Let p be h(7). Let u = 11 - p. What is the units digit of u?
6
Suppose -4*s + 24180 = 5*v, 10*v - 12*v = 5*s - 9689. What is the units digit of v?
2
Let y(g) = 7*g**2 - 26*g + 19. Let i(t) = -t - 1. Let l(s) = 4*i(s) + y(s). What is the hundreds digit of l(7)?
1
Let f = -5 - -17. What is the hundreds digit of (1 - -42)/(f/36)?
1
Let h be (2/(-6))/((-4)/(-36)). Let u(p) = -6*p + 4. Let j be u(3). What is the tens digit of j/21 + (-122)/h?
4
Suppose 20*t - 390 = 15*t - 5*i, 2*t - 153 = i. What is the tens digit of t?
7
Let k(b) = b**3 - 2*b**2 - 13*b + 55. What is the tens digit of k(6)?
2
Suppose -3*j + g = -4 - 33, -g = 4*j - 61. Suppose 0*m + 176 = 3*s + 2*m, s = -2*m + 60. Suppose j*u - s = 12*u. What is the units digit of u?
9
Suppose 6*z - 20 = z. Let o = 18 - z. Let x = o + -4. What is the tens digit of x?
1
Let k(x) = 14*x + 12. Let o be k(5). Suppose -o = -4*r + 606. What is the units digit of r?
2
Let j(v) = v + 64. Let x = -3 - -3. What is the tens digit of j(x)?
6
Suppose x + 2 = 5. Let y be (2 + -1)/(x/(-75)). What is the tens digit of (-390)/y - (-2)/5?
1
Let d(x) be the second derivative of -x**4/12 + 11*x**3/6 + 7*x**2/2 - 18*x. What is the units digit of d(7)?
5
Let i = 54 + -36. Suppose -4*f = -5*p + 55, -5*p + f + i = -37. Let k = 16 - p. What is the units digit of k?
5
Let c = 14 - -7. Suppose -c*l + 2244 = -9*l. What is the tens digit of l?
8
Suppose 0*r = -r. Suppose r = -3*i + i + 2*a - 8, 5*i - a = -8. What is the units digit of 50 + (i - 1 - 2)?
6
Let h(f) = -f**3 - 5*f**2 - f. Let s be h(-5). Suppose s*m - 60 = m. Suppose 0*w - m = -3*w. What is the units digit of w?
5
Let u = -34 - -49. Suppose -u = x - 6*x. Suppose 4*p = 2*p - 8, 84 = 4*s + x*p. What is the units digit of s?
4
Suppose -287*y = -290*y + 1110. What is the hundreds digit of y?
3
Suppose 6*y - 2*y = 0. Let d = -257 + 257. Suppose -5*l - 5*s + 215 = y, 4*s + 7 + 1 = d. What is the tens digit of l?
4
Suppose -5970 + 101538 = 48*u. What is the hundreds digit of u?
9
Suppose 3*g - 17 = 3*f - 1898, 2511 = 4*f - 3*g. What is the units digit of f?
0
Suppose 0*q - 3*q = 0. Let v = 26 - 21. Suppose q = u - v + 2. What is the units digit of u?
3
Suppose 38*g = 39*g. Suppose y - 2*b - 61 = g, -4*y - 4*b + 0*b + 184 = 0. What is the units digit of y?
1
What is the units digit of (-2)/12 + (97895/(-30))/(-7)?
6
Let q = 2 - -13. Let x be 0/4 - q/3. What is the units digit of -8*(x - -1 - -2)?
6
Let c be 3 - 91/(-5) - 1/5. What is the tens digit of (-35)/(-2) + c/(-14) + 1?
1
Let l be (-387)/5 - (-6)/15. Let n(i) = i**2 - 15*i + 6. Let z be n(5). Let k = z - l. What is the units digit of k?
3
Let z be ((-4)/2 - -2) + (-1376)/(-8). Let a = z - 75. What is the tens digit of a?
9
Suppose -7*d + d + 42 = 0. Suppose u - d = 5*p, -3*u + p = 4*p - 21. What is the units digit of u?
7
Suppose 2*n - 43 = -5*i, -2*n + 5*i + 84 + 9 = 0. What is the units digit of (-1 - -3 - 1)*n?
4
Let m = 964 - 392. What is the units digit of m?
2
Let p = 12 - 12. Let d be (2 - -4) + -2 + p. Suppose d*h = 6*h - 58. What is the tens digit of h?
2
Suppose 0 = -12*h + 5*h + 287. Suppose -3*s + 72 = 3*o - 0*s, -5*s = -2*o + h. What is the tens digit of o?
2
Let k = 2728 + -474. What is the thousands digit of k?
2
What is the units digit of 279124/248 + (-1)/2?
5
Let q(t) be the second derivative of -5*t**4/4 - t**3/6 + t**2/2 + t. Let s be q(-1). Let l = s + 84. What is the tens digit of l?
7
Suppose -15 = 3*l + 30. What is the tens digit of (7 - 2)*6/l*-14?
2
Let j be 6/10 + (-84)/(-10). Let s be (j/36)/((-2)/(-24)). Suppose 3*u + s*u = 252. What is the units digit of u?
2
Let p(t) = -4*t**3 - 13*t**2 + 5*t + 24. What is the units digit of p(-7)?
4
What is the hundreds digit of ((-5)/2 - -1)*-1138?
7
Suppose -s + 7*s - 5154 = 0. What is the units digit of s?
9
Let y(f) = -7*f - 72. What is the tens digit of y(-20)?
6
Let b(a) = a**2 + a + 621. Let y be b(0). Suppose -11*j = -2*j - y. What is the units digit of j?
9
What is the hundreds digit of (-12)/(-114) + 70904/38?
8
Suppose 0 = b + 28 - 168. Let v = b - 56. What is the tens digit of v?
8
Let w = 12 + -1. Let m be (4 - 0)/(w - 10). What is the units digit of (-4)/10*(m - 29)?
0
What is the units digit of (-22155)/(-9 - 6) - (-7)/1?
4
Let d = 11 + -9. Suppose 0 = -3*r + 4*b + 310, 0*b + 3*b + 207 = d*r. What is the hundreds digit of r?
1
Let i = -5 + 7. Let q be (-1)/i - (-417)/6. Suppose y = -2*y + q. What is the units digit of y?
3
Let d(n) be the second derivative of n**4/12 + n**3/6 + n**2/2 + 5*n. Let p be d(2). What is the units digit of (1 + 3)*p/2?
4
Let j(o) = 18*o**2 - 17*o + 140. What is the tens digit of j(10)?
7
Let g = -19 - -41. Let j be (-4)/(-14) + (-6)/21. Let p = g - j. What is the units digit of p?
2
Let s = -64 - -67. Suppose 2*f = s*i + 473, 0 = -3*f - 7*i + 4*i + 687. What is the units digit of f?
2
Let r = 2590 - 1705. What is the units digit of r?
5
Suppose 4*a = -2*w + 60, -19*w - 85 = -23*w - a. Suppose -4*s = -4*j + 8, -s - 11 = 3*s - 3*j. Let t = w + s. What is the units digit of t?
5
Let r(f) = f**2 + 41*f - 310. What is the tens digit of r(8)?
8
Let f = -383 + 219. Let h = -89 - f. What is the tens digit of h?
7
Suppose -49*m - 35996 + 199068 = 0. What is the units digit of m?
8
Let h(u) = u**2 - 2*u + 52. Let c = 1 - 1. Let l be h(c). Suppose 9*k = 7*k + l. What is the units digit of k?
6
Let w(k) be the third derivative of 4*k**5/15 - k**4/24 - k**3/3 - 8*k**2. What is the tens digit of w(2)?
6
Suppose 8*w - 1550 = 714. What is the hundreds digit of w?
2
Suppose -3*k = 0, 0*k - 30 = -5*w + 2*k. Let l = 6 + w. Suppose 0 = -3*a + 45 + l. What is the units digit of a?
9
What is the units digit of 1 - (-5)/1 - -52?
8
Suppose 28 = 2*g - 2*h, 7*g + 4*h - 43 = 2*g. Suppose -g = -3*w - 2. Let p = w + 17. What is the units digit of p?
0
Let i = 714 - 192. What is the tens digit of i?
2
Let g = -31 + 39. Let x(n) = n**3 - 8*n**2 + 2*n + 4. What is the tens digit of x(g)?
2
Let o(r) = -243*r - 440. What is the units digit of o(-5)?
5
Suppose 0 = -y + 2*y. Suppose 2*